{"id":10,"date":"2012-01-25T18:09:15","date_gmt":"2012-01-25T18:09:15","guid":{"rendered":"http:\/\/www.syncinc.at\/english\/?page_id=10"},"modified":"2012-02-04T22:31:49","modified_gmt":"2012-02-04T22:31:49","slug":"design-i-build","status":"publish","type":"page","link":"https:\/\/www.syncinc.at\/deutsch\/design-i-build\/","title":{"rendered":"design I build"},"content":{"rendered":"<h2>Design I Build<\/h2>\n<p>Das Angebot reicht von der Analyse der Kundenw\u00fcnsche sowie der Entwurfsplanung \u00fcber das beh\u00f6rdliche Genehmigungsverfahren, das Baumanagement und die Ausf\u00fchrung bis hin zur \u00dcbergabe und Nachbetreuung des Projektes. Diese ganzheitliche Betreuung der Kunden wird Design Build genannt: Die Kunden haben mit <strong>SYNC<\/strong>inc als General\u00fcbernehmer dabei nur <strong>einen<\/strong> Ansprechpartner und m\u00fcssen folglich nicht selbst s\u00e4mtliche Leistungen koordinieren.<\/p>\n<p>Design Build erm\u00f6glicht eine genaue und konsequente Einhaltung der Baukosten durch die enge Zusammenarbeit zwischen Planern und Ausf\u00fchrenden. Nach der stufenweisen Ermittlung eines Kostenanschlages w\u00e4hrend der Planungsphase wird durch gezielte Kostensteuerung auf Baudauer jede Budget\u00fcberschreitung vermieden.<\/p>\n<p>Die ganzheitliche Betreuung der Kunden setzt auch bei der Preisgestaltung Transparenz voraus: Daher sind die Services in klar definierte Leistungsmodule aufgeteilt. Bewertungsmethode f\u00fcr jedes Projekt werden individuell kalkuliert.<\/p>\n<p>Durch dieses All-Inclusive-Angebot ist <strong>SYNC<\/strong>inc f\u00fchrend bei der Kundenbetreuung in \u00d6sterreichs Architekturlandschaft.<\/p>\n<div class=\"wpb_separator\"><\/div>\n<h2>SYNCinc Package<\/h2>\n<p>Das Gesamtpaket: Die Leistungen von <strong>SYNC<\/strong>inc werden in einzelnen Basismodulen mit konkret definiertem Inhalt angeboten.<\/p>\n<h4 class=\"wpb_toggle\">MODUL-1 SYNC FEASIBILITY - Machbarkeitsstudie<\/h4><div class=\"wpb_toggle_content\">\n<ul>\n<li>&#8222;Programming&#8220; &#8211; Identifizierung der Kundenw\u00fcnsche und -bed\u00fcrfnisse<\/li>\n<li>Baurechtsanalyse und Vorabsprache mit Beh\u00f6rden<\/li>\n<li>Vorentwurf<\/li>\n<li>Grobkostenermittlung (Kostenrahmen +\/- 10%)<\/li>\n<\/ul>\n<\/div> <h4 class=\"wpb_toggle\">MODUL-2 SYNC DESIGN - Planung<\/h4><div class=\"wpb_toggle_content\">\n<ul>\n<li>Entwurfs\u00fcberarbeitung und Einreichplanerstellung<\/li>\n<li>Beh\u00f6rdliche Genehmigungsverfahren<\/li>\n<li>Projektabsprache mit und Koordination von Sonderfachleuten<\/li>\n<li>Ausf\u00fchrungs- und Detailplanung<\/li>\n<\/ul>\n<\/div> <h4 class=\"wpb_toggle\">MODUL-3 SYNC MANAGEMENT - Bau-\/Kostenmanagement<\/h4><div class=\"wpb_toggle_content\">\n<ul>\n<li>Erstellung von Leistungsverzeichnissen \/ Ausschreibung<\/li>\n<li>Preis- und Angebotsanalysen Kostensch\u00e4tzung +\/- 5%, Verhandlung mit Professionisten<\/li>\n<li>Auftragsvergabe an Professionisten, Kosten- \/ Terminfixierung (Kostenanschlag +\/- 0%)<\/li>\n<li>Kostenkontrolle w\u00e4hrend der Bauphase, Abrechnung<\/li>\n<\/ul>\n<\/div> <h4 class=\"wpb_toggle\">MODUL-4 SYNC BUILD - Baudurchf\u00fcrhung<\/h4><div class=\"wpb_toggle_content\">\n<ul>\n<li>\u00d6rtliche Bauaufsicht<\/li>\n<li>Baustellenkoordination<\/li>\n<\/ul>\n<\/div> <h4 class=\"wpb_toggle\">MODUL-5 SYNC CARE - Nachbetreuung<\/h4><div class=\"wpb_toggle_content\">\n<ul>\n<li>Fertigstellungsanzeige<\/li>\n<li>Nachbetreuung innerhalb der Gew\u00e4hrleistungsfrist<\/li>\n<li>Betreuung bei nachtr\u00e4glichen funktionellen Adaptierungen<\/li>\n<\/ul>\n<\/div><\/p>\n<div class=\"wpb_separator\"><\/div>\n<h2>SYNCinc Extras<\/h2>\n<p>Als Erg\u00e4nzungen des Leistungsspektrums werden zus\u00e4tzliche spezialisierte Leistungen gesondert angeboten.<\/p>\n<h4 class=\"wpb_toggle\">MODUL-A Bestandsdokumentation<\/h4><div class=\"wpb_toggle_content\">\n<ul>\n<li>Analyse des Bestandes<\/li>\n<li>Bestandsaufnahme<\/li>\n<li>Bestandsplanerstellung (2D und 3D)<\/li>\n<\/ul>\n<\/div> <h4 class=\"wpb_toggle\">MODUL-B Baudokumentation<\/h4><div class=\"wpb_toggle_content\">\n<ul>\n<li>Aufmessen des neu gebauten Bestands nach Fertigstellung<\/li>\n<li>Berechung und Aufstellung der tats\u00e4chlich gebauten Fl\u00e4chen<\/li>\n<li>Erstellung von Plandokumente auf Basis der Aufnahme<\/li>\n<\/ul>\n<\/div> <h4 class=\"wpb_toggle\">MODUL-C Brandschutzplanung und Sicherheitstechnik<\/h4><div class=\"wpb_toggle_content\">\n<ul>\n<li>Erstellung eines Brandschutz- \/ Sicherheitskonzeptes<\/li>\n<li>Brandschutz &#8211; \/ Sicherheitsplanerstellung<\/li>\n<\/ul>\n<\/div> <h4 class=\"wpb_toggle\">MODUL-D Pr\u00e4sentationen<\/h4><div class=\"wpb_toggle_content\">\n<ul>\n<li>2D \/ 3D -Visualisierungen und -Animationen<\/li>\n<li>Pr\u00e4sentations- und Verkaufsunterlagen, -broschuren, digitale Darstellungen usw.<\/li>\n<\/ul>\n<\/div> <h4 class=\"wpb_toggle\">SONSTIGES Subplanerleistungen<\/h4><div class=\"wpb_toggle_content\">\n<ul>\n<li>Bauphysik<\/li>\n<li>Haustechnik (Elektro- \/ Installationsplanung)<\/li>\n<li>Statik &#8211; Pr\u00fcfingenieurleistung bis zur Rohbaufertigstellung<\/li>\n<li>Projektsteuerung und -koordination der Subplaner als Generalplaner<\/li>\n<\/ul>\n<\/div><\/p>\n","protected":false},"excerpt":{"rendered":"<p>Design I Build <\/p>\n<p>Das Angebot reicht von der Analyse der Kundenw\u00fcnsche sowie der Entwurfsplanung \u00fcber das beh\u00f6rdliche Genehmigungsverfahren, das Baumanagement und die Ausf\u00fchrung bis hin zur \u00dcbergabe und Nachbetreuung des Projektes. Diese ganzheitliche Betreuung der Kunden wird Design Build genannt: Die Kunden haben mit SYNCinc als General\u00fcbernehmer dabei nur einen Ansprechpartner und m\u00fcssen folglich nicht <\/p>\n","protected":false},"author":1,"featured_media":0,"parent":0,"menu_order":0,"comment_status":"open","ping_status":"open","template":"","meta":[],"_links":{"self":[{"href":"https:\/\/www.syncinc.at\/deutsch\/wp-json\/wp\/v2\/pages\/10"}],"collection":[{"href":"https:\/\/www.syncinc.at\/deutsch\/wp-json\/wp\/v2\/pages"}],"about":[{"href":"https:\/\/www.syncinc.at\/deutsch\/wp-json\/wp\/v2\/types\/page"}],"author":[{"embeddable":true,"href":"https:\/\/www.syncinc.at\/deutsch\/wp-json\/wp\/v2\/users\/1"}],"replies":[{"embeddable":true,"href":"https:\/\/www.syncinc.at\/deutsch\/wp-json\/wp\/v2\/comments?post=10"}],"version-history":[{"count":5,"href":"https:\/\/www.syncinc.at\/deutsch\/wp-json\/wp\/v2\/pages\/10\/revisions"}],"predecessor-version":[{"id":502,"href":"https:\/\/www.syncinc.at\/deutsch\/wp-json\/wp\/v2\/pages\/10\/revisions\/502"}],"wp:attachment":[{"href":"https:\/\/www.syncinc.at\/deutsch\/wp-json\/wp\/v2\/media?parent=10"}],"curies":[{"name":"wp","href":"https:\/\/api.w.org\/{rel}","templated":true}]}}